is the greatest common divisor of 105 and 42?
21
Calculate the highest common divisor of 20 and 3340.
20
Calculate the highest common factor of 170 and 310.
10
Calculate the greatest common divisor of 9 and 477.
9
Calculate the greatest common divisor of 6 and 24.
6
Calculate the highest common divisor of 17 and 8993.
17
Calculate the greatest common factor of 161 and 46.
23
What is the highest common factor of 88 and 9416?
88
Calculate the greatest common divisor of 782 and 276.
46
What is the highest common divisor of 1573 and 363?
121
Calculate the highest common factor of 117 and 156.
39
Calculate the greatest common factor of 688 and 516.
172
What is the highest common divisor of 14 and 6944?
14
What is the highest common divisor of 105 and 280?
35
Calculate the greatest common divisor of 1121 and 19.
19
What is the highest common divisor of 72 and 136?
8
Calculate the greatest common factor of 10073 and 7.
7
Calculate the highest common factor of 20531 and 49.
49
What is the greatest common divisor of 378 and 54?
54
Calculate the greatest common factor of 284 and 112.
4
Calculate the greatest common divisor of 2898 and 252.
126
What is the greatest common divisor of 1200 and 20?
20
What is the highest common divisor of 30760 and 32?
8
What is the greatest common divisor of 64 and 488?
8
Calculate the highest common factor of 36 and 108.
36
Calculate the highest common factor of 65 and 5.
5
Calculate the greatest common factor of 21 and 169.
1
Calculate the highest common divisor of 54 and 6831.
27
Calculate the highest common factor of 2082 and 33.
3
What is the highest common divisor of 1 and 351?
1
Calculate the highest common factor of 3497 and 1345.
269
What is the greatest common divisor of 333 and 117?
9
Calculate the greatest common divisor of 66 and 5324.
22
Calculate the highest common factor of 2 and 1186.
2
Calculate the greatest common factor of 208 and 112.
16
Calculate the highest common factor of 198 and 252.
18
Calculate the highest common divisor of 56 and 812.
28
What is the greatest common divisor of 256 and 58624?
256
Calculate the highest common factor of 24 and 232.
8
What is the highest common divisor of 856 and 8?
8
What is the greatest common factor of 5990 and 20?
10
Calculate the greatest common factor of 30 and 300.
30
What is the greatest common factor of 228 and 3363?
57
Calculate the greatest common factor of 9 and 5643.
9
What is the highest common divisor of 364 and 78?
26
Calculate the highest common factor of 4 and 1564.
4
What is the highest common divisor of 20 and 640?
20
What is the highest common factor of 5 and 2?
1
What is the greatest common divisor of 147 and 63?
21
Calculate the highest common factor of 150 and 678.
6
Calculate the highest common divisor of 3969 and 42.
21
What is the greatest common divisor of 60 and 210?
30
Calculate the greatest common divisor of 98 and 441.
49
Calculate the highest common divisor of 462 and 66.
66
What is the highest common factor of 348 and 145?
29
What is the highest common factor of 140 and 80?
20
Calculate the highest common divisor of 130 and 30.
10
What is the greatest common divisor of 2 and 218?
2
What is the greatest common divisor of 125633 and 73?
73
Calculate the highest common factor of 246 and 574.
82
What is the greatest common factor of 188 and 216?
4
Calculate the greatest common divisor of 9 and 18.
9
What is the greatest common divisor of 864 and 162?
54
Calculate the highest common factor of 126 and 6282.
18
What is the greatest common factor of 198 and 44?
22
Calculate the highest common divisor of 3039 and 3.
3
What is the highest common divisor of 6 and 4620?
6
Calculate the highest common divisor of 128106 and 11.
11
Calculate the highest common factor of 351 and 11.
1
Calculate the greatest common factor of 2525 and 400.
25
What is the highest common divisor of 63 and 3?
3
What is the greatest common divisor of 88 and 3806?
22
Calculate the highest common divisor of 9145 and 5.
5
What is the highest common divisor of 45 and 110?
5
Calculate the highest common divisor of 1530 and 680.
170
Calculate the greatest common factor of 740 and 60.
20
Calculate the highest common divisor of 12 and 36.
12
What is the greatest common factor of 660 and 19272?
132
Calculate the highest common divisor of 1989 and 4199.
221
What is the greatest common divisor of 26 and 845?
13
What is the highest common factor of 12 and 444?
12
What is the highest common divisor of 147 and 343?
49
What is the highest common divisor of 45 and 1773?
9
Calculate the greatest common divisor of 128 and 96.
32
What is the highest common divisor of 60 and 6?
6
What is the greatest common divisor of 207 and 2997?
9
What is the highest common factor of 264 and 7656?
264
Calculate the highest common factor of 546 and 21.
21
Calculate the greatest common divisor of 18 and 1374.
6
What is the greatest common factor of 58 and 4?
2
What is the greatest common factor of 1026 and 304?
38
What is the greatest common factor of 77 and 35?
7
Calculate the highest common factor of 30267 and 177.
177
Calculate the greatest common divisor of 35 and 1225.
35
What is the greatest common factor of 8715 and 105?
105
What is the highest common factor of 39698 and 46?
46
Calculate the greatest common divisor of 558 and 18.
18
What is the greatest common factor of 1232 and 448?
112
Calculate the highest common divisor of 39 and 91.
13
What is the highest common divisor of 50 and 9925?
25
What is the greatest common divisor of 1598 and 376?
94
What is the greatest common divisor of 21 and 42?
21
What is the highest common factor of 60 and 165?
15
Calculate the highest common factor of 737 and 275.
11
What is the highest common factor of 8477 and 147?
49
What is the greatest common divisor of 245 and 5?
5
What is the greatest common divisor of 101 and 10100?
101
Calculate the highest common factor of 11 and 14113.
11
Calculate the highest common factor of 93 and 12679.
31
Calculate the highest common divisor of 30 and 60.
30
What is the greatest common divisor of 45 and 105?
15
Calculate the highest common factor of 450 and 240.
30
Calculate the highest common factor of 5 and 215.
5
Calculate the greatest common factor of 63 and 329.
7
What is the highest common factor of 12 and 276?
12
What is the greatest common divisor of 87 and 1479?
87
What is the highest common factor of 204 and 192?
12
Calculate the highest common factor of 910 and 630.
70
What is the highest common divisor of 2337 and 123?
123
What is the highest common divisor of 689 and 159?
53
What is the highest common factor of 19 and 551?
19
What is the greatest common divisor of 130 and 45?
5
Calculate the highest common divisor of 45 and 1575.
45
What is the greatest common factor of 1407 and 70?
7
Calculate the highest common factor of 18 and 10.
2
What is the greatest common divisor of 9 and 45?
9
What is the greatest common factor of 27 and 3?
3
Calculate the highest common factor of 7 and 10.
1
Calculate the greatest common factor of 48 and 72.
24
What is the greatest common factor of 252 and 198?
18
What is the highest common divisor of 6756 and 276?
12
Calculate the highest common factor of 16 and 616.
8
Calculate the greatest common divisor of 21 and 1281.
21
Calculate the highest common factor of 100 and 14.
2
What is the highest common factor of 108 and 180?
36
What is the greatest common factor of 42 and 826?
14
Calculate the highest common divisor of 236 and 14396.
236
Calculate the highest common factor of 440 and 580.
20
What is the greatest common factor of 375 and 4575?
75
Calculate the highest common divisor of 1694 and 63.
7
Calculate the highest common divisor of 204 and 1309.
17
Calculate the greatest common divisor of 108 and 702.
54
What is the highest common factor of 190 and 10?
10
What is the highest common divisor of 2460 and 20?
20
Calculate the highest common divisor of 341 and 22.
11
What is the highest common factor of 615 and 30?
15
Calculate the highest common divisor of 140 and 25340.
140
What is the highest common divisor of 406 and 126?
14
Calculate the highest common factor of 147 and 231.
21
What is the greatest common divisor of 28 and 61628?
28
What is the highest common divisor of 165 a